3, 2579, 58727
List the prime factors of 940527748.
2, 821, 286397
List the prime factors of 1236489235.
5, 247297847
List the prime factors of 276200030.
2, 5, 27620003
List the prime factors of 234948185.
5, 541, 86857
What are the prime factors of 232572245?
5, 46514449
List the prime factors of 1225180695.
3, 5, 277, 294869
List the prime factors of 513017504.
2, 16031797
What are the prime factors of 164047125?
3, 5, 11, 39769
List the prime factors of 1787483833.
113, 1993, 7937
List the prime factors of 78910108.
2, 4297, 4591
List the prime factors of 5028713835.
3, 5, 2383, 140683
What are the prime factors of 95787505?
5, 11, 173, 10067
List the prime factors of 4102278056.
2, 29, 811, 21803
List the prime factors of 336512260.
2, 5, 7, 2403659
List the prime factors of 2261668672.
2, 35338573
What are the prime factors of 2031255650?
2, 5, 139, 292267
What are the prime factors of 3308345674?
2, 151, 10954787
List the prime factors of 2467078333.
59, 41814887
What are the prime factors of 66981610?
2, 5, 131, 51131
What are the prime factors of 203983655?
5, 569, 71699
What are the prime factors of 120726007?
101, 257, 4651
What are the prime factors of 13755014?
2, 7, 13, 75577
List the prime factors of 517705136.
2, 13, 191459
What are the prime factors of 60988136?
2, 11, 37, 18731
List the prime factors of 15948065.
5, 7, 455659
What are the prime factors of 4433903855?
5, 3313, 267667
List the prime factors of 12777820.
2, 5, 11, 241
List the prime factors of 16249250.
2, 5, 64997
What are the prime factors of 346675655?
5, 3167, 21893
List the prime factors of 31576414.
2, 31, 509297
What are the prime factors of 24471214?
2, 31, 43, 67, 137
List the prime factors of 41148993.
3, 17, 83, 9721
What are the prime factors of 121754881?
449, 271169
What are the prime factors of 249996418?
2, 7, 173, 233, 443
List the prime factors of 368402988.
2, 3, 17, 1805897
What are the prime factors of 1272189967?
1272189967
What are the prime factors of 437973200?
2, 5, 7, 156419
List the prime factors of 417178191.
3, 31, 167, 26861
List the prime factors of 196782.
2, 3, 32797
What are the prime factors of 413104031?
83, 4977157
List the prime factors of 1160904027.
3, 31, 12482839
What are the prime factors of 651017696?
2, 7, 251, 11579
What are the prime factors of 1848835665?
3, 5, 13695079
What are the prime factors of 1799495375?
5, 14395963
List the prime factors of 1363487020.
2, 5, 7, 137, 71089
What are the prime factors of 11211381?
3, 17, 73277
List the prime factors of 369601181.
369601181
What are the prime factors of 563201977?
13, 43323229
What are the prime factors of 74627623?
7, 10661089
What are the prime factors of 16741912?
2, 11, 190249
List the prime factors of 495095109.
3, 165031703
List the prime factors of 4230481.
4230481
List the prime factors of 1177640783.
11, 3803, 28151
What are the prime factors of 1802735026?
2, 901367513
What are the prime factors of 133031224?
2, 41, 239, 1697
What are the prime factors of 26829550?
2, 5, 11, 48781
List the prime factors of 58798376.
2, 7, 13, 17, 4751
What are the prime factors of 10422933?
3, 23, 151057
What are the prime factors of 643788600?
2, 3, 5, 7, 13, 907
What are the prime factors of 494620592?
2, 53, 583279
List the prime factors of 302351069.
17, 197, 90281
What are the prime factors of 671476782?
2, 3, 111912797
List the prime factors of 2604776687.
2604776687
What are the prime factors of 825894321?
3, 7, 39328301
What are the prime factors of 25743725?
5, 7, 147107
What are the prime factors of 77229591?
3, 43, 83, 7213
List the prime factors of 24064315.
5, 11, 437533
List the prime factors of 337103767.
7, 11, 13, 336767
What are the prime factors of 320031337?
320031337
What are the prime factors of 663770837?
83, 7997239
List the prime factors of 39882344.
2, 137, 36389
List the prime factors of 106330872.
2, 3, 293, 15121
What are the prime factors of 59845416?
2, 3, 2493559
List the prime factors of 3804608.
2, 59447
List the prime factors of 5253858426.
2, 3, 71, 12333001
List the prime factors of 29642136.
2, 3, 43, 28723
What are the prime factors of 86199800?
2, 5, 430999
What are the prime factors of 2020340486?
2, 17, 59421779
List the prime factors of 122088616.
2, 13, 397, 2957
List the prime factors of 258557381.
258557381
What are the prime factors of 582274898?
2, 97, 101, 29717
List the prime factors of 227693707.
227693707
List the prime factors of 117353951.
11, 13, 820657
What are the prime factors of 168413664?
2, 3, 1754309
List the prime factors of 18833195.
5, 17, 221567
List the prime factors of 63509328.
2, 3, 31, 41, 347
What are the prime factors of 539692715?
5, 2039, 52937
What are the prime factors of 167611494?
2, 3, 47, 594367
List the prime factors of 1088102472.
2, 3, 127, 356989
What are the prime factors of 1721786581?
1993, 863917
List the prime factors of 343766696.
2, 7, 13, 19, 29, 857
What are the prime factors of 293501588?
2, 19, 3861863
List the prime factors of 126895236.
2, 3, 13, 43, 18917
List the prime factors of 65798632.
2, 283, 29063
What are the prime factors of 2738372697?
3, 139, 729649
What are the prime factors of 8796467126?
2, 19, 1049, 220673
List the prime factors of 5439709694.
2, 2719854847
List the prime factors of 85857759.
3, 13, 331, 739
What are the prime factors of 97504640?
2, 5, 73, 2087
What are the prime factors of 65987648?
2, 1031057
What are the prime factors of 402481880?
2, 5, 10062047
List the prime factors of 1762633330.
2, 5, 176263333
What are the prime factors of 13394273?
13394273
List the prime factors of 136603029.
3, 103, 653, 677
List the prime factors of 2396110084.
2, 17, 37, 952349
What are the prime factors of 8949747?
3, 509, 5861
What are the prime factors of 560175773?
823, 680651
What are the prime factors of 442522363?
7283, 60761
What are the prime factors of 84099033?
3, 179, 17401
List the prime factors of 4680270.
2, 3, 5, 7, 17, 19, 23
What are the prime factors of 1137280443?
3, 13, 29, 1005553
List the prime factors of 367323257.
7, 19, 71, 5557
What are the prime factors of 230460655?
5, 499, 92369
List the prime factors of 1564568165.
5, 211, 1483003
List the prime factors of 177773908.
2, 13, 3418729
What are the prime factors of 3053957810?
2, 5, 29, 1471, 7159
What are the prime factors of 14690411?
14690411
List the prime factors of 3952662283.
19, 107, 102329
List the prime factors of 513738924.
2, 3, 101, 557, 761
List the prime factors of 19334876.
2, 11, 439429
What are the prime factors of 2087785252?
2, 7, 131, 569189
What are the prime factors of 66089722?
2, 33044861
What are the prime factors of 31130590?
2, 5, 3113059
List the prime factors of 34292039.
59, 359, 1619
What are the prime factors of 7884739?
7884739
List the prime factors of 263383137.
3, 2111, 4621
What are the prime factors of 2527628793?
3, 107, 7874233
What are the prime factors of 427107941?
13, 47, 107, 139
What are the prime factors of 3930489174?
2, 3, 137, 751, 6367
List the prime factors of 1564223818.
2, 257, 3043237
List the prime factors of 6481034176.
2, 6089, 16631
List the prime factors of 16275122.
2, 23, 353807
What are the prime factors of 338104823?
7, 17, 29, 97973
List the prime factors of 109679471.
11, 9970861
List the prime factors of 113342591.
113342591
What are the prime factors of 18770752?
2, 7, 11, 13, 293
List the prime factors of 1246732557.
3, 7, 19, 151, 20693
What are the prime factors of 53778317?
53778317
List the prime factors of 559817015.
5, 29, 3860807
List the prime factors of 1018476426.
2, 3, 11, 17, 907733
List the prime factors of 900969504.
2, 3, 73, 128563
What are the prime factors of 1043777738?
2, 1789, 291721
What are the prime factors of 98305385?
5, 167, 117731
List the prime factors of 709393353.
3, 157, 569, 2647
What are the prime factors of 3754766409?
3, 47, 131, 203279
List the prime factors of 861044165.
5, 2417, 71249
What are the prime factors of 79281270?
2, 3, 5, 880903
What are the prime factors of 211268236?
2, 293, 180263
What are the prime factors of 49828406?
2, 199, 125197
What are the prime factors of 889007926?
2, 181, 2455823
What are the prime factors of 4147303266?
2, 3, 230405737
What ar